26. Calculate b(12).
-2
Let k(b) = b**2 - 10*b - 8. Determine k(10).
-8
Let f(v) = 2*v**2 - 3*v - 43. Calculate f(6).
11
Let w(z) = -3*z**2 - 2*z - 6. Calculate w(-3).
-27
Let y(f) = -f**2 + f + 1. Determine y(-3).
-11
Let s(u) = -3*u - 6. Calculate s(-8).
18
Let a(y) = y**2 - 19*y + 14. Give a(18).
-4
Let o(c) = 2*c - 6. What is o(4)?
2
Let d(i) = i**3 + 16*i**2 + 14*i - 42. Calculate d(-15).
-27
Let d(r) = -r**3 + 5*r**2 + 15*r + 7. Calculate d(7).
14
Let l(m) = -4*m - 40. What is l(-9)?
-4
Let z(m) = m**3 + 10*m**2 - 10*m + 4. Give z(-11).
-7
Let d(r) = 9*r + 30. Calculate d(-9).
-51
Let v(a) = 13*a + 21. Determine v(-6).
-57
Let d(p) = -39*p + 167. Give d(5).
-28
Let q(s) = s**3 + s - 36. Give q(0).
-36
Let y(w) = w**3 - 58*w**2 - 69*w + 595. Determine y(59).
5
Let d(c) = -6*c - 42. What is d(-8)?
6
Let p(i) = i**3 + 4*i**2 - 11*i + 11. Calculate p(-6).
5
Let r(i) = -i**3 - 7*i**2 - 4*i + 13. Give r(-6).
1
Let g(u) = -u**3 - 4*u**2 - 2*u + 4. What is g(-4)?
12
Let w(o) = 2*o**3 + 17*o**2 + 8*o + 11. What is w(-8)?
11
Let t(p) = p**3 - 7*p**2 - 34*p - 13. Calculate t(10).
-53
Let l(d) = -d**3 + 18*d**2 - 46*d + 6. Determine l(15).
-9
Let g(x) = 2*x + 2. What is g(-3)?
-4
Let a(z) = -14*z**2 - 26*z + 1. What is a(-2)?
-3
Let a(y) = -y**3 + 9*y**2 - 8*y + 1. What is a(8)?
1
Let y(l) = -116*l + 5. Calculate y(1).
-111
Let s(c) = -2*c - 24. Calculate s(-12).
0
Let x(w) = -33*w**3 - w + 1. What is x(1)?
-33
Let k(i) = -2*i**3 - 3*i**2 - 3*i. Calculate k(-2).
10
Let t(o) = o**3 + o**2 - 5*o - 2. Calculate t(-3).
-5
Let s(k) = -2*k**3 + 8*k**2 + 5*k + 7. What is s(5)?
-18
Let y(s) = -s**2 - 5. Calculate y(4).
-21
Let v(x) = -72*x**2 + 1. Calculate v(1).
-71
Let f(a) = 5*a**2 - 6*a + 5. What is f(1)?
4
Let m(v) = -v**3 - 24*v**2 - 7*v - 168. What is m(-24)?
0
Let p(c) = -c**2 - 7*c - 20. Determine p(-5).
-10
Let j(f) = 4*f - 13. Determine j(7).
15
Let f(g) = -g**3 - 54*g**2 - 106*g - 94. What is f(-52)?
10
Let s(d) = -d**3 + 3*d**2 + 5*d - 5. Give s(4).
-1
Let f(t) = -3*t**2 - 31*t - 17. Determine f(-10).
-7
Let h(d) = -d**3 + 11*d**2 - 11*d + 19. Determine h(10).
9
Let f(q) = q**3 + 10*q**2 - 6*q - 51. Calculate f(-10).
9
Let w(v) = -v**2 + 37*v - 258. Give w(9).
-6
Let k(d) = -d + 53. Give k(0).
53
Let k(q) = -q**2 - 8*q + 26. Calculate k(3).
-7
Let k(f) = f**3 - 18*f**2 + 29*f + 23. Give k(16).
-25
Let j(v) = v**2 - 14*v. Give j(13).
-13
Let g(h) = -13*h - 10. Give g(1).
-23
Let l(v) = -v**3 - 2*v**2 + 3*v - 9. What is l(0)?
-9
Let a(v) = v**3 - 9*v**2 + 8*v + 4. Give a(6).
-56
Let o(s) = s + 12. Give o(12).
24
Let w(k) = -k**3 + 6*k**2 - k + 14. Calculate w(6).
8
Let w(f) = f**3 - 3*f**2 - 2*f - 5. Give w(4).
3
Let h(l) = -l**2 - 2*l + 5. Calculate h(-3).
2
Let n(b) = 32*b + 286. Give n(-9).
-2
Let p(s) = 17*s**2. Calculate p(-1).
17
Let o(p) = -3*p**3 - 2*p - 5. Give o(-3).
82
Let v(r) = r**2 - 17*r + 16. Calculate v(11).
-50
Let j(k) = -k**3 - k**2 - 3*k + 159. Calculate j(0).
159
Let v(p) = -17*p + 120. Determine v(7).
1
Let z(n) = -4*n**2 + 41*n + 25. Determine z(11).
-8
Let w(t) = 2*t**2 - 12*t - 5. Give w(7).
9
Let v(q) = 2*q**2 - 23*q. Give v(11).
-11
Let j(v) = -2*v + 52. Determine j(15).
22
Let z(p) = 2*p**2 - 16*p - 5. What is z(9)?
13
Let y(h) = h**3 + 5*h**2 - 9*h - 51. Give y(-4).
1
Let o(a) = -a**3 + 18*a**2 + 16*a + 30. Calculate o(19).
-27
Let y(w) = -w**2 + 45*w - 130. Give y(3).
-4
Let d(g) = 9*g**3 + g**2 - 2*g. What is d(-2)?
-64
Let y(t) = 63*t + 320. Determine y(-5).
5
Let o(t) = 11*t**3 - t**2 - t + 1. Determine o(1).
10
Let l(h) = h**3 - 5*h**2 - 3*h + 4. Give l(5).
-11
Let f(d) = 2*d. What is f(1)?
2
Let o(r) = -4*r - 17. What is o(-4)?
-1
Let q(h) = 2*h**3 - 24*h**2 - h - 30. What is q(12)?
-42
Let z(y) = 3*y**3 + 30*y**2 + 25*y - 18. Calculate z(-9).
0
Let y(w) = -3*w - 15. Determine y(-6).
3
Let q(n) = -n**3 - n + 2. What is q(2)?
-8
Let k(z) = -z**3 + 12*z**2 - 6*z + 65. Calculate k(12).
-7
Let g(d) = -10*d - 176. Determine g(-18).
4
Let g(u) = -16*u**2 - 6*u + 10. What is g(-3)?
-116
Let x(i) = -3*i**2 - 42*i - 42. Give x(-13).
-3
Let g(z) = z**3 + 9*z**2 - 6*z - 6. Determine g(-9).
48
Let i(b) = b**2 + 9*b + 28. Determine i(-16).
140
Let m(c) = c**3 + 12*c**2 - c - 9. Give m(-12).
3
Let q(l) = -l**3 + 6*l**2 + 7*l + 5. What is q(7)?
5
Let o(c) = c**3 - 15*c**2 - 38*c + 51. Calculate o(17).
-17
Let k(j) = j**3 + 8*j**2 - 12*j - 8. Give k(-9).
19
Let r(x) = -2*x**3 + 2*x**2 + 4*x - 4. Give r(2).
-4
Let v(j) = -j + 2. Calculate v(-2).
4
Let i(f) = f + 9. What is i(-4)?
5
Let n(z) = -z - 23. What is n(-12)?
-11
Let c(t) = -t**3 - 24*t**2 + 51*t + 6. Give c(-26).
32
Let p(l) = l**2 + 3*l - 1. What is p(-4)?
3
Let u(o) = -19*o**2 + 3*o - 3. Give u(1).
-19
Let n(a) = a**3 + 15*a**2 - 17*a - 23. Determine n(-16).
-7
Let v(a) = 4*a - 5. Determine v(3).
7
Let q(p) = p**2 - 2*p - 1. Determine q(6).
23
Let c(a) = -2*a**3 - a**2 + 4*a - 8. Determine c(3).
-59
Let h(l) = -15*l - 10. What is h(0)?
-10
Let x(a) = 27*a + 105. Calculate x(-4).
-3
Let j(o) = -4*o**3 + 49*o**2 - 9*o - 28. Determine j(12).
8
Let j(k) = k**3 + 2*k**2 + 1. Give j(-3).
-8
Let b(d) = -12*d + 196. What is b(16)?
4
Let w(v) = v**3 + 13*v**2 + 6*v - 4. Give w(-12).
68
Let r(j) = -j**2 + 3*j + 9. Calculate r(7).
-19
Let i(c) = c**3 - 24*c**2 + 43*c + 35. What is i(22)?
13
Let x(k) = 5*k - 23. Calculate x(11).
32
Let i(c) = -c + 7. What is i(9)?
-2
Let n(m) = -4*m**3 - 2*m**2 + m + 2. What is n(-3)?
89
Let l(r) = r**2 + 16*r - 12. Calculate l(-16).
-12
Let z(f) = -2*f**2 + 8*f + 11. Calculate z(5).
1
Let v(t) = 3*t**3 + t - 2. Calculate v(1).
2
Let u(k) = -k**3 + 22*k + 11. Give u(5).
-4
Let x(u) = 3*u - 6. Give x(1).
-3
Let y(s) = -s - 20. Calculate y(-25).
5
Let m(c) = 31*c + 174. What is m(-6)?
-12
Let i(a) = -4*a**2 - 22*a - 24. What is i(-5)?
-14
Let j(h) = 5*h + 6. What is j(-3)?
-9
Let q(u) = u**3 + 10*u**2 + 2*u - 1. Give q(-10).
-21
Let d(j) = -6*j - 3. What is d(-3)?
15
Let y(b) = b + 13. Give y(6).
19
Let d(b) = 86*b + 263. What is d(-3)?
5
Let y(a) = -a**2 + 10*a - 10. Determine y(8).
6
Let t(o) = -o**3 - 10*o**2 - o - 10. What is t(-10)?
0
Let x(z) = -z**2 + 8*z + 22. Calculate x(-7).
-83
Let r(m) = -40*m - 258. Determine r(-6).
-18
Let r(f) = -44*f + 4. What is r(2)?
-84
Let c(j) = -10*j + 41. Give c(7).
-29
Let o(c) = c - 1. What is o(0)?
-1
Let o(m) = 5*m - 1. What is o(3)?
14
Let o(c) = c**3 - 6*c**2 - 5*c - 1. Calculate o(-1).
-3
Let h(w) = -w + 5. Determine h(10).
-5
Let o(b) = -2*b + 17. Calculate o(5).
7
Let x(f) = 2*f**3 - 22*f**2 + 2*f - 10. Calculate x(11).
12
Let p(r) = r + 18. Calculate p(-20).
-2
Let x(v) = 49*v**3 + v**2 + 2*v - 3. Give x(1).
49
Let f(o) = -o - 50. Determine f(-10).
-40
Let s(m) = -9*m + 61. Give s(7).
-2
Let p(g) = 10*g + 7. Calculate p(-3).
-23
Let d(h) = h**3 + 5*h**2 - 5*h + 19. Give d(-6).
13
Let f(v) = 9*v - 50. Calculate f(5).
-5
Let l(j) = -j**3 - 10*j**2 - 10*j - 13. Determine l(-9).
-4
Let m(v) = -4*v + 88. Give m(23).
-4
Let q(j) = -j - 2. Give q(-3).
1
Let w(o) = o**3 - 5*o**2 - 2*o + 12. Determine w(5).
2
Let q(z) = -68*z + 1635. Calculate q(24).
3
Let v(d) = d**3 - 3*d**2 - 1. What is v(2)?
-5
Let k(d) = -2*d**2 - d + 12. What is k(-4)?
-16
Let s(l) = -3*l**3 - l**2 - 4*l - 1. Give s(-3).
83
Let i(g) = -3*g. Determine i(-2).
6
Let a(v) = v**3 - 4*v**2 + 4*v - 17. Calculate a(6).
79
Let t(j) = -j**3 + 17*j**2 - 14*j + 85. Give t(16).
117
Let a(u) = u**3 + 26*u**2 + 2*u + 60. Calculate a(-26).
8
Let r(q) = -5*q**2 + 5*q - 7. Calculate r(4).
-67
Let i(c) = 3*c**2 - 6*c + 18. Calculate i(3).
27
Let v(o) = -o**2 + 11*o + 20. Give v(13).
-6
Let d(x) = -x**2 + 17*x - 60. Give d(6).
6
Let r(m) = -m + 2. Determine r(3).
-1
Let z(g) = g**2 - 13*g + 27. What is z(11)?
5
Let u(j) = j**3 - 2*j**2 - 3*j - 4. Determine u(3).
-4
Let t(k) = -12*k. Determine t(2).
-24
Let n(c) = 3*c. Determine n(6).
18
Let l(c) = 14*c - 13. Calculate l(1).
1
Let j(g) = -g**2 - 3*g - 2. Determine j(-5).
-12
Let u(b) = -b**3 + 5*b**2 - 5*b + 3. Calculate u(3).
6
Let l(h) = h - 10. Determine l(10).
0
Let z(k) = -k**3 + 10*k**2 + 11*k + 7. Determine z(11).
7
Let o(h) = -12*h + 3. Calculate o(2).
-21
Let r(f) = f - 26. Give r(-11).
-37
Let i(o) = -11*o + 11. Calculate i(7).
-66
Let y(k) = -k**3 + 2*k - 1. What is y(2)?
-5
Let n(l) = -3*